t = 61727 + -22972. What is the tens digit of t?
5
Let o = 12319 + -7035. What is the tens digit of o?
8
Let l be 44 + -1 - (16 - 16). Let b = l + -37. What is the units digit of 170/15 - (-4)/b?
2
Let q be (-621)/18*(-4)/6. Let v be -12 + 1*(-3 + 3). Let t = v + q. What is the tens digit of t?
1
Let o = -512 - -1278. Suppose 2*w - 2156 + 183 = -5*s, 0 = 2*s - 5*w - o. What is the units digit of s?
3
Let d(w) = w**3 - 11*w**2 + 2*w - 19. Let q be d(11). Suppose 14 = 4*u + q*u. Suppose -u*j = -2 - 60. What is the units digit of j?
1
Suppose -4*v + 2872 = -4*n, -1898 = 4*n + v + 959. Let g = n + 462. What is the units digit of 288/11 + 46/g?
6
Suppose 6*x + 334 - 280 = 0. What is the hundreds digit of -1 + (-12489)/x - 28/(-84)?
3
Let p(i) = -57*i + 16. What is the tens digit of p(-25)?
4
Let p = -4 - -4. Suppose p = 9*f - 2*f - 1680. Suppose -f = -2*q - q. What is the tens digit of q?
8
Suppose 0 = -3*t - 0*t - 4*s - 46, 3*t + 3*s = -42. Let w(d) = -7*d + 64. Let r be w(7). What is the units digit of r/(1 + t/12)?
0
Let a be (6 - 10)*(-3)/2. Let l = a + -2. What is the units digit of 103 - (8/(-6))/(l/(-6))?
1
Suppose -219*u + 215681 = -181147. What is the hundreds digit of u?
8
Let r(i) = -3*i**3 + 2*i - 1. Let m be r(1). Let n(b) = 33*b + 4. Let s be n(m). Let z = s + 118. What is the units digit of z?
6
Suppose -11 + 65 = 3*x + 3*r, 0 = -5*r - 15. Suppose 275 = -x*i + 22*i. What is the units digit of i?
5
Suppose -3*u - 3*a + 38346 = 0, 25564 = 2*u + 79*a - 83*a. What is the ten thousands digit of u?
1
Suppose 9*p - 11*p + 4*d = -51084, 5*p + d - 127765 = 0. What is the thousands digit of p?
5
Suppose -11*j + 418 + 583 = 0. Let h = -103 + j. Let o(s) = -17*s - 24. What is the hundreds digit of o(h)?
1
Let m = 35 - 36. What is the tens digit of m/(-2) + (47385/(-10))/(-13)?
6
What is the tens digit of ((-110180)/(-15) - 10)*(-6)/(-4)?
0
Let o(a) = -1232*a + 116. What is the units digit of o(-8)?
2
Suppose 2*r = -2*u - 6, -2*r + 4*r + 4*u + 16 = 0. Suppose -r*f = -5*g + 2*g - 620, 5*f = -4*g + 1573. What is the hundreds digit of f?
3
What is the tens digit of 2*-111*11*(-9)/54?
0
Suppose 0 = -126*s + 127*s - 5*a - 43802, s - 43788 = 3*a. What is the tens digit of s?
6
Let o(c) = -4*c**2 - 31*c - 9. Let k be o(-7). Suppose 860 = k*b - 8*b. What is the tens digit of b?
1
What is the hundreds digit of ((-16)/200 - (-1136908)/100) + -7?
3
Let b = 97732 + -55464. What is the hundreds digit of b?
2
Suppose 3*s + 2*l = 20, s - 8 = -11*l + 9*l. Suppose 4*x - s*n - 5196 = -7*n, 3*x + n = 3898. What is the units digit of x?
8
What is the hundreds digit of (1/(12/12224))/((-98)/(-2205))?
9
Suppose 3*q = 25 + 11. Suppose 4*k + 146 = 3*o, -7*k + q*k = -25. Suppose -o = -11*m + 4*m. What is the units digit of m?
6
Let b be (4 + (-35)/10)*6. Let u be -1*b - (-361 - 9). Let n = -197 + u. What is the hundreds digit of n?
1
Suppose 41 = -11*h + 151. What is the tens digit of (-59283)/(-35) + h - 1/(-5)?
0
Suppose 2*t = -l, -1 = -4*l + t + 8. Suppose -s = -l*s - 35. Let v = s + 91. What is the units digit of v?
6
Suppose 0 = 163*y - 6031115 - 7287615. What is the hundreds digit of y?
7
Let z(w) = 132*w - 1. Let x be z(-1). Let d be -7 - -2 - (15 - 470/(-10)). Let k = d - x. What is the tens digit of k?
6
Let a = 122 + -144. Let l be 323 + (4/(-18) - a/18). Suppose u + 48 = l. What is the hundreds digit of u?
2
Let q = 47 - 81. Let s be (q + 31)*14/(-6). Suppose 0 = s*h - 457 - 180. What is the tens digit of h?
9
Let r = 5267 - 2944. What is the thousands digit of r?
2
Let k(p) = -p**2 + 14*p + 4. Let y be k(14). Suppose -5 - 7 = -y*a. What is the units digit of (1 - a/3) + 96?
6
Let h = 385 - 813. Let v = h - -671. What is the hundreds digit of v?
2
Suppose -9*b = -25*b + 13328. Let m = b - 490. What is the hundreds digit of m?
3
Suppose -z = 4*r - 16667, -4*r - 15*z = -12*z - 16665. What is the units digit of r?
7
Let h(l) be the first derivative of 130*l**3/3 - 3*l**2/2 + 3*l - 493. Let j(p) = -p + 4. Let w be j(3). What is the units digit of h(w)?
0
Suppose -13*o = -9*o + 72. Let t = 84 + o. Suppose 2 = -4*a - 2*y + t, 5*y - 70 = -4*a. What is the tens digit of a?
1
Let g(i) = 150*i - 19. Let d = -40 - -34. Let x(y) = 75*y - 9. Let v(t) = d*g(t) + 13*x(t). What is the tens digit of v(1)?
7
Let y = -34200 + 90419. What is the hundreds digit of y?
2
What is the tens digit of 73484/6*(-270)/(-180)?
7
Let a = 114781 + -69861. What is the units digit of a?
0
Suppose 13*u + 11*u - 96 = 0. What is the tens digit of -1 + (-4 - (u + -7)) + 478?
7
Let u be (-26)/(-91) + (-9)/7. Let o be -3 + 0 + (-74)/u. Let n = o + -40. What is the units digit of n?
1
Suppose 3*b - 3638 = -n, -12*n + 15*n - 10922 = -5*b. Let p = -2039 + n. What is the units digit of p?
5
Suppose -2*v = -0*v - 16. Suppose 0 = -v*p - p + 1017. Suppose -6*k = -p - 151. What is the tens digit of k?
4
Suppose -15007 = -2*b + 203*f - 198*f, -5*b + 37600 = 4*f. What is the tens digit of b?
1
Let x = 1651 - 1228. Suppose 487 = 5*k + 112. Suppose 2*n = x + k. What is the tens digit of n?
4
Suppose -2*v + 2*t - 763 - 1365 = 0, 3194 = -3*v + t. Let l = v - -1854. What is the units digit of l?
9
What is the tens digit of 3/(-20) + (-30849511)/(-1540)?
3
Let c = 78 - 60. Suppose -695 + 3827 = c*r. Let h = r - -20. What is the hundreds digit of h?
1
Let a = 5776 - 1203. What is the thousands digit of a?
4
Let d(a) = -76*a**3 - 7*a**2 + 3*a - 2. Let h(r) = -38*r**3 - 4*r**2 + r - 1. Let m(u) = 4*d(u) - 7*h(u). What is the hundreds digit of m(-2)?
2
Suppose -4*l - 7*h = -5*h - 8, -3*l - 4*h + 6 = 0. Suppose 6*v = l*i + 10*v - 146, 2*i + 5*v = 142. What is the tens digit of i?
8
Let a be (10/(-8))/(4/(-16)). Let d(k) = -95*k - 12. Let i be d(-5). Suppose 5*r = -5*w + 765, w = -2*w - a*r + i. What is the hundreds digit of w?
1
Suppose -a - 16*h + 11*h + 13544 = 0, -5*a + 2*h = -67585. What is the thousands digit of a?
3
Let y = 446 - 444. Suppose y*h - 567 = 4*w + 453, -4*h + 2*w = -2046. What is the hundreds digit of h?
5
What is the thousands digit of 10/(-6) + 369376/42?
8
Suppose -2*u - 3*d = u + 21, -u = 4*d - 8. What is the hundreds digit of u/9*5586/(-28)?
2
Suppose 4*v - 3*x - 55720 + 13671 = 0, -5*v - 4*x + 52600 = 0. What is the units digit of v?
6
Let w(k) = -k**3 - 3*k**2 + 11*k + 5. Let c be w(-5). Suppose -4*n = -3*i + 10, -i + 4*n = -c*i + 2. What is the units digit of 3464/40 + i/(-10)?
6
What is the units digit of -4*35/(-28)*10/50 + 62484?
5
Suppose 2*r - 5421 = h - 33211, -h + r = -27795. What is the ten thousands digit of h?
2
Let a be 120/36*3/(-2). Let n(u) be the third derivative of u**6/120 + 3*u**5/20 - u**4/3 - 4*u**3/3 + 4*u**2 + 2*u. What is the tens digit of n(a)?
3
Let v be 20840 + (-9 - (-2)/2). What is the units digit of (-2 - v/(-60))/(2/5)?
3
Let d(q) = 373*q**2 - 152*q - 1868. What is the units digit of d(-11)?
7
Suppose -12*y + 79628 + 9112 = 0. What is the tens digit of y?
9
Let j(u) = 6*u - 7*u**2 - 119*u**3 - 17 - 5 - 2*u + 118*u**3. What is the units digit of j(-8)?
0
Let t be (17/34)/(1/10*1). Let i be (15 - 4) + (0 - t). Suppose -m + 19 = i. What is the units digit of m?
3
Let d(t) = t**2 - 6*t + 8. Let f be d(4). Suppose h - 4 = 0, f*v = 2*v + 5*h - 1334. Suppose -6*g - 3*g = -v. What is the tens digit of g?
7
Suppose 5*w - 9655 = -3*o - 3204, 0 = 4*o + 2*w - 8606. What is the hundreds digit of o?
1
Let f = -27955 + 62187. What is the hundreds digit of f?
2
Let m = 27 - 43. Let f(z) be the third derivative of -5*z**4/8 - 25*z**3/6 + 1533*z**2. What is the hundreds digit of f(m)?
2
Let s be 2 + (-5)/(-3) - 2/3. Suppose -s*h + 3*x + 19 = 1, 2*x + 27 = 5*h. What is the tens digit of -5 - (-253 + (h - 2))?
4
Let h be (13 + -10)/(4/((-400)/(-3))). Suppose 14*s = 9*s + h. What is the tens digit of s?
2
Let t = 2478 + -176. What is the thousands digit of t?
2
Suppose -o + t = -24698, 9*o - 11*o + 49404 = -t. What is the ten thousands digit of o?
2
Let d be ((-10)/(-6) - 3)/((-2)/60). Suppose -d = -k - 38. Suppose -k*f - 3*i = 2*i - 40, 4*f - 3*i - 54 = 0. What is the units digit of f?
5
Suppose 0 = 125*g - 128*g - j + 24743, 0 = 2*g - j - 16482. What is the tens digit of g?
4
Suppose -9*t - 317 = -254. What is the tens digit of (-127800)/(-84) + 11 + 3/t?
3
Suppose 0 = 3*u - b -